{"id":8,"date":"2023-06-29T15:12:58","date_gmt":"2023-06-29T13:12:58","guid":{"rendered":"https:\/\/www.chateau-anneot.fr\/?page_id=8"},"modified":"2023-08-30T21:56:57","modified_gmt":"2023-08-30T19:56:57","slug":"lhistoire","status":"publish","type":"page","link":"https:\/\/www.chateau-anneot.fr\/index.php\/lhistoire\/","title":{"rendered":"L&rsquo;histoire"},"content":{"rendered":"\n<p><\/p>\n\n\n\n<p>Au XVIIe si\u00e8cle, la seigneurie d&rsquo;Ann\u00e9ot \u00e9tait divis\u00e9e en deux. La partie principale appartenait au Chapitre Notre-Dame d&rsquo;Autun et l&rsquo;autre partie \u00e0 Etienne (I) Champion (1623-1699) qui l&rsquo;avait acquise en 1643. Ce dernier, receveur du grenier \u00e0 sel d&rsquo;Avallon en 1655, \u00e9chevin en 1661, anobli suite \u00e0 l&rsquo;acquisition de la charge de conseiller secr\u00e9taire du Roy au Grand Sceau le 31 mars 1687, se maria \u00e0 Madeleine Boulard dont il eut, entre autres enfants, Etienne (II) (Avallon 9 janvier 1655 &#8211; Paris 15 f\u00e9vrier 1725), \u00e9cuyer, seigneur d&rsquo;Ann\u00e9ot, lieutenant au baillage d&rsquo;Avallon et avocat au Parlement de Bourgogne. Celui-ci acquit le reste de la seigneurie en 1700 aupr\u00e8s du chapitre d&rsquo;Autun contre la somme de 13400 livres.<\/p>\n\n\n\n<p>C&rsquo;est le cadet, de ce dernier, Charles-Fran\u00e7ois Champion (Avallon 14 mai 1701 inhum\u00e9 le 24 septembre 1779 \u00e0 Avallon), \u00e9cuyer, seigneur d&rsquo;Ann\u00e9ot qui fit construire le ch\u00e2teau sur les bases d&rsquo;un manoir plus ancien.<\/p>\n\n\n\n<p>Mari\u00e9 en 1729 \u00e0 Melle Minard de Lautreville, il laissa trois fils dont Etienne-Louis Champion (Ann\u00e9ot 16 f\u00e9vrier 1729 \u2013 30 ao\u00fbt 1802 Avallon), \u00e9cuyer, capitaine au r\u00e9giment d&rsquo;Auvergne, chevalier de Saint-Louis, mari\u00e9 le&nbsp;19 mars 1768&nbsp;\u00e0 Claudine-Fran\u00e7oise de Denesvre (Avallon 15 janvier 1740 &#8211; 21 d\u00e9cembre 1823 &#8211; Ann\u00e9ot), fille de Michel-Auguste de Domecy, seigneur de Domecy et de Fran\u00e7oise Laureau.<\/p>\n\n\n\n<p>Le couple demeure st\u00e9rile. La s\u0153ur de Claudine, Jeanne Fran\u00e7oise de Denesvre (Domecy-sur-le-Vault 13 septembre 1751 &#8211; 9 octobre 1783 Nevers), \u00e9pouse de Charles-Fran\u00e7ois Guillet de Mont, lieutenant g\u00e9n\u00e9ral civil, criminel et de police du bailliage, duch\u00e9-pairie et domaine du Nivernois et du Donziois, d\u00e9c\u00e8de \u00e0 la naissance de son fils Michel-Auguste-Charles Guillet de Monts, (Nevers 9 octobre 1783&nbsp; &#8211; 17 d\u00e9cembre 1853 Avallon). Elev\u00e9 par sa tante et son oncle, il en devient l\u2019h\u00e9ritier.<\/p>\n\n\n\n<p>Michel-Auguste fut maire d\u2019Ann\u00e9ot. Epoux de Julie de Saillans (Avallon 7 avril 1783 \u2013 11 juillet 1857 Avallon), il eut plusieurs enfants, dont Ernest Guillet de Monts, h\u00e9ritier du ch\u00e2teau, mort jeune sans alliance, qui d\u00e9signa pour h\u00e9riti\u00e8re la fille de sa s\u0153ur Th\u00e9r\u00e8se Charlotte Goupilleau (Avallon 9 mars 1849 &#8211; 4 avril 1918 Paris 7e).<\/p>\n\n\n\n<p>Mari\u00e9e \u00e0 Alexandre Auguste Thirion de Noville (Metz 11 ao\u00fbt 1829 &#8211; 12 novembre 1878 Marbache), elle eut une fille Val\u00e9rie (1879-1954), demeur\u00e9e c\u00e9libataire, qui h\u00e9rita du ch\u00e2teau.<\/p>\n\n\n\n<hr class=\"wp-block-separator has-alpha-channel-opacity\"\/>\n\n\n\n<p>TEGIT HAEC NECAT ALTERA<\/p>\n\n\n\n<p>D&rsquo;azur \u00e0 un homme courant, arm\u00e9 et cuirass\u00e9 de toutes pi\u00e8ces d&rsquo;or, tenant une \u00e9p\u00e9e et un bouclier du m\u00eame.<\/p>\n\n\n\n<figure class=\"wp-block-image size-large\"><img loading=\"lazy\" decoding=\"async\" width=\"741\" height=\"1024\" src=\"https:\/\/www.chateau-anneot.fr\/wp-content\/uploads\/2023\/07\/20230721_212745-741x1024.jpg\" alt=\"\" class=\"wp-image-66\" srcset=\"https:\/\/www.chateau-anneot.fr\/wp-content\/uploads\/2023\/07\/20230721_212745-741x1024.jpg 741w, https:\/\/www.chateau-anneot.fr\/wp-content\/uploads\/2023\/07\/20230721_212745-217x300.jpg 217w, https:\/\/www.chateau-anneot.fr\/wp-content\/uploads\/2023\/07\/20230721_212745.jpg 752w\" sizes=\"auto, (max-width: 741px) 100vw, 741px\" \/><\/figure>\n\n\n\n<p>Blason de la famille Champion (Armorial d&rsquo;Hozier)<\/p>\n\n\n\n<figure class=\"wp-block-image size-large\"><img loading=\"lazy\" decoding=\"async\" width=\"1024\" height=\"768\" src=\"https:\/\/www.chateau-anneot.fr\/wp-content\/uploads\/2023\/07\/anneot-Chateau-DJI_0501-31-1024x768.jpg\" alt=\"\" class=\"wp-image-77\" srcset=\"https:\/\/www.chateau-anneot.fr\/wp-content\/uploads\/2023\/07\/anneot-Chateau-DJI_0501-31-1024x768.jpg 1024w, https:\/\/www.chateau-anneot.fr\/wp-content\/uploads\/2023\/07\/anneot-Chateau-DJI_0501-31-300x225.jpg 300w, https:\/\/www.chateau-anneot.fr\/wp-content\/uploads\/2023\/07\/anneot-Chateau-DJI_0501-31-768x576.jpg 768w, https:\/\/www.chateau-anneot.fr\/wp-content\/uploads\/2023\/07\/anneot-Chateau-DJI_0501-31-1536x1152.jpg 1536w, https:\/\/www.chateau-anneot.fr\/wp-content\/uploads\/2023\/07\/anneot-Chateau-DJI_0501-31-2048x1536.jpg 2048w, https:\/\/www.chateau-anneot.fr\/wp-content\/uploads\/2023\/07\/anneot-Chateau-DJI_0501-31-1568x1176.jpg 1568w\" sizes=\"auto, (max-width: 1024px) 100vw, 1024px\" \/><figcaption class=\"wp-element-caption\">default<\/figcaption><\/figure>\n\n\n\n<p>Blason en bas-relief sur le fronton de la tour centrale (photo juin 2023)<\/p>\n","protected":false},"excerpt":{"rendered":"<p>Au XVIIe si\u00e8cle, la seigneurie d&rsquo;Ann\u00e9ot \u00e9tait divis\u00e9e en deux. La partie principale appartenait au Chapitre Notre-Dame d&rsquo;Autun et l&rsquo;autre partie \u00e0 Etienne (I) Champion (1623-1699) qui l&rsquo;avait acquise en 1643. Ce dernier, receveur du grenier \u00e0 sel d&rsquo;Avallon en 1655, \u00e9chevin en 1661, anobli suite \u00e0 l&rsquo;acquisition de la charge de conseiller secr\u00e9taire du<a class=\"more-link\" href=\"https:\/\/www.chateau-anneot.fr\/index.php\/lhistoire\/\">Continue reading <span class=\"screen-reader-text\">\u00ab\u00a0L&rsquo;histoire\u00a0\u00bb<\/span><\/a><\/p>\n","protected":false},"author":1,"featured_media":0,"parent":0,"menu_order":0,"comment_status":"closed","ping_status":"closed","template":"","meta":{"_monsterinsights_skip_tracking":false,"_monsterinsights_sitenote_active":false,"_monsterinsights_sitenote_note":"","_monsterinsights_sitenote_category":0,"footnotes":""},"class_list":["post-8","page","type-page","status-publish","hentry","entry"],"_links":{"self":[{"href":"https:\/\/www.chateau-anneot.fr\/index.php\/wp-json\/wp\/v2\/pages\/8","targetHints":{"allow":["GET"]}}],"collection":[{"href":"https:\/\/www.chateau-anneot.fr\/index.php\/wp-json\/wp\/v2\/pages"}],"about":[{"href":"https:\/\/www.chateau-anneot.fr\/index.php\/wp-json\/wp\/v2\/types\/page"}],"author":[{"embeddable":true,"href":"https:\/\/www.chateau-anneot.fr\/index.php\/wp-json\/wp\/v2\/users\/1"}],"replies":[{"embeddable":true,"href":"https:\/\/www.chateau-anneot.fr\/index.php\/wp-json\/wp\/v2\/comments?post=8"}],"version-history":[{"count":11,"href":"https:\/\/www.chateau-anneot.fr\/index.php\/wp-json\/wp\/v2\/pages\/8\/revisions"}],"predecessor-version":[{"id":190,"href":"https:\/\/www.chateau-anneot.fr\/index.php\/wp-json\/wp\/v2\/pages\/8\/revisions\/190"}],"wp:attachment":[{"href":"https:\/\/www.chateau-anneot.fr\/index.php\/wp-json\/wp\/v2\/media?parent=8"}],"curies":[{"name":"wp","href":"https:\/\/api.w.org\/{rel}","templated":true}]}}

<p></p>



<p>Au XVIIe siècle, la seigneurie d&rsquo;Annéot était divisée en deux. La partie principale appartenait au Chapitre Notre-Dame d&rsquo;Autun et l&rsquo;autre partie à Etienne (I) Champion (1623-1699) qui l&rsquo;avait acquise en 1643. Ce dernier, receveur du grenier à sel d&rsquo;Avallon en 1655, échevin en 1661, anobli suite à l&rsquo;acquisition de la charge de conseiller secrétaire du Roy au Grand Sceau le 31 mars 1687, se maria à Madeleine Boulard dont il eut, entre autres enfants, Etienne (II) (Avallon 9 janvier 1655 &#8211; Paris 15 février 1725), écuyer, seigneur d&rsquo;Annéot, lieutenant au baillage d&rsquo;Avallon et avocat au Parlement de Bourgogne. Celui-ci acquit le reste de la seigneurie en 1700 auprès du chapitre d&rsquo;Autun contre la somme de 13400 livres.</p>



<p>C&rsquo;est le cadet, de ce dernier, Charles-François Champion (Avallon 14 mai 1701 inhumé le 24 septembre 1779 à Avallon), écuyer, seigneur d&rsquo;Annéot qui fit construire le château sur les bases d&rsquo;un manoir plus ancien.</p>



<p>Marié en 1729 à Melle Minard de Lautreville, il laissa trois fils dont Etienne-Louis Champion (Annéot 16 février 1729 – 30 août 1802 Avallon), écuyer, capitaine au régiment d&rsquo;Auvergne, chevalier de Saint-Louis, marié le&nbsp;19 mars 1768&nbsp;à Claudine-Françoise de Denesvre (Avallon 15 janvier 1740 &#8211; 21 décembre 1823 &#8211; Annéot), fille de Michel-Auguste de Domecy, seigneur de Domecy et de Françoise Laureau.</p>



<p>Le couple demeure stérile. La sœur de Claudine, Jeanne Françoise de Denesvre (Domecy-sur-le-Vault 13 septembre 1751 &#8211; 9 octobre 1783 Nevers), épouse de Charles-François Guillet de Mont, lieutenant général civil, criminel et de police du bailliage, duché-pairie et domaine du Nivernois et du Donziois, décède à la naissance de son fils Michel-Auguste-Charles Guillet de Monts, (Nevers 9 octobre 1783&nbsp; &#8211; 17 décembre 1853 Avallon). Elevé par sa tante et son oncle, il en devient l’héritier.</p>



<p>Michel-Auguste fut maire d’Annéot. Epoux de Julie de Saillans (Avallon 7 avril 1783 – 11 juillet 1857 Avallon), il eut plusieurs enfants, dont Ernest Guillet de Monts, héritier du château, mort jeune sans alliance, qui désigna pour héritière la fille de sa sœur Thérèse Charlotte Goupilleau (Avallon 9 mars 1849 &#8211; 4 avril 1918 Paris 7e).</p>



<p>Mariée à Alexandre Auguste Thirion de Noville (Metz 11 août 1829 &#8211; 12 novembre 1878 Marbache), elle eut une fille Valérie (1879-1954), demeurée célibataire, qui hérita du château.</p>



<hr class="wp-block-separator has-alpha-channel-opacity"/>



<p>TEGIT HAEC NECAT ALTERA</p>



<p>D&rsquo;azur à un homme courant, armé et cuirassé de toutes pièces d&rsquo;or, tenant une épée et un bouclier du même.</p>



<figure class="wp-block-image size-large"><img loading="lazy" decoding="async" width="741" height="1024" src="https://www.chateau-anneot.fr/wp-content/uploads/2023/07/20230721_212745-741x1024.jpg" alt="" class="wp-image-66" srcset="https://www.chateau-anneot.fr/wp-content/uploads/2023/07/20230721_212745-741x1024.jpg 741w, https://www.chateau-anneot.fr/wp-content/uploads/2023/07/20230721_212745-217x300.jpg 217w, https://www.chateau-anneot.fr/wp-content/uploads/2023/07/20230721_212745.jpg 752w" sizes="auto, (max-width: 741px) 100vw, 741px" /></figure>



<p>Blason de la famille Champion (Armorial d&rsquo;Hozier)</p>



<figure class="wp-block-image size-large"><img loading="lazy" decoding="async" width="1024" height="768" src="https://www.chateau-anneot.fr/wp-content/uploads/2023/07/anneot-Chateau-DJI_0501-31-1024x768.jpg" alt="" class="wp-image-77" srcset="https://www.chateau-anneot.fr/wp-content/uploads/2023/07/anneot-Chateau-DJI_0501-31-1024x768.jpg 1024w, https://www.chateau-anneot.fr/wp-content/uploads/2023/07/anneot-Chateau-DJI_0501-31-300x225.jpg 300w, https://www.chateau-anneot.fr/wp-content/uploads/2023/07/anneot-Chateau-DJI_0501-31-768x576.jpg 768w, https://www.chateau-anneot.fr/wp-content/uploads/2023/07/anneot-Chateau-DJI_0501-31-1536x1152.jpg 1536w, https://www.chateau-anneot.fr/wp-content/uploads/2023/07/anneot-Chateau-DJI_0501-31-2048x1536.jpg 2048w, https://www.chateau-anneot.fr/wp-content/uploads/2023/07/anneot-Chateau-DJI_0501-31-1568x1176.jpg 1568w" sizes="auto, (max-width: 1024px) 100vw, 1024px" /><figcaption class="wp-element-caption">default</figcaption></figure>



<p>Blason en bas-relief sur le fronton de la tour centrale (photo juin 2023)</p>

<p>Au XVIIe siècle, la seigneurie d&rsquo;Annéot était divisée en deux. La partie principale appartenait au Chapitre Notre-Dame d&rsquo;Autun et l&rsquo;autre partie à Etienne (I) Champion (1623-1699) qui l&rsquo;avait acquise en 1643. Ce dernier, receveur du grenier à sel d&rsquo;Avallon en 1655, échevin en 1661, anobli suite à l&rsquo;acquisition de la charge de conseiller secrétaire du<a class="more-link" href="https://www.chateau-anneot.fr/index.php/lhistoire/">Continue reading <span class="screen-reader-text">« L&rsquo;histoire »</span></a></p>
